{"id":647,"date":"2018-03-14T13:48:50","date_gmt":"2018-03-14T12:48:50","guid":{"rendered":"https:\/\/deseta-gimnazija.hr\/?page_id=647"},"modified":"2023-05-23T12:04:13","modified_gmt":"2023-05-23T11:04:13","slug":"sportski-skolski-klub-cener","status":"publish","type":"page","link":"https:\/\/deseta-gimnazija.hr\/?page_id=647","title":{"rendered":"Sportski \u0161kolski klub &#8220;Cener&#8221;"},"content":{"rendered":"<p><img loading=\"lazy\" decoding=\"async\" src=\"https:\/\/deseta-gimnazija.hr\/wp-content\/uploads\/2018\/03\/nogomet.jpg\" alt=\"\" width=\"210\" height=\"152\"><\/p>\n<p>U bogatoj povijesti \u0161kolskog \u0161porta u Zagrebu ostat \u0107e zapisano i ime \u0161kolskog \u0161portskog kluba Cener koji nastavlja tradiciju nastupa na\u0161ih u\u010denika na gradskim, \u017eupanijskim i dr\u017eavnim natjecanjima.<\/p>\n<p><img loading=\"lazy\" decoding=\"async\" src=\"https:\/\/deseta-gimnazija.hr\/wp-content\/uploads\/2018\/03\/kosarka.jpg\" alt=\"\" width=\"210\" height=\"158\"><\/p>\n<p>Djeluju\u0107i od samog po\u010detka rada X. gimnazije (1. rujna 1991. g.), \u0160\u0160K Cener dao je velik doprinos u razvoju \u0161kolskog \u0161porta i izrastao u razgranato stablo svih \u0161portskih selekcija u\u010denica i u\u010denika. U sklopu \u0160\u0160K djeluju sekcije:<\/p>\n<p>&nbsp;<\/p>\n<table id=\"table1\" border=\"0\" width=\"350\" align=\"center\">\n<tbody>\n<tr>\n<td style=\"text-align: center;\"><b>Sport<\/b><\/td>\n<td style=\"text-align: center;\" align=\"left\"><b>Voditelj<\/b><\/td>\n<\/tr>\n<tr>\n<td style=\"text-align: center;\">ko\u0161arka (\u017e, m)<\/td>\n<td style=\"text-align: center;\" align=\"left\">Petra Besednik, prof.<\/td>\n<\/tr>\n<tr>\n<td style=\"text-align: center;\">plivanje (\u017e, m)<\/td>\n<td style=\"text-align: center;\" align=\"left\">Vanesa Juri\u0107, prof.<\/td>\n<\/tr>\n<tr>\n<td style=\"text-align: center;\">rukomet (\u017e, m)<\/td>\n<td style=\"text-align: center;\" align=\"left\">Petra Besednik, prof.<\/td>\n<\/tr>\n<tr>\n<td style=\"text-align: center;\">\u0161ah (\u017e, m)<\/td>\n<td style=\"text-align: center;\" align=\"left\">Vanesa Juri\u0107, prof.<\/td>\n<\/tr>\n<tr>\n<td style=\"text-align: center;\">odbojka (\u017e, m)<\/td>\n<td style=\"text-align: center;\" align=\"left\">Vanesa Juri\u0107, prof.<\/td>\n<\/tr>\n<tr>\n<td style=\"text-align: center;\">mali nogomet (m)<\/td>\n<td style=\"text-align: center;\" align=\"left\">Danijel Duki\u0107, prof.<\/td>\n<\/tr>\n<tr>\n<td style=\"text-align: center;\">mali nogomet (\u017e)<\/td>\n<td style=\"text-align: center;\" align=\"left\">Marko Juri\u010devi\u0107, prof.<\/td>\n<\/tr>\n<tr>\n<td style=\"text-align: center;\">atletika (\u017e, m)<\/td>\n<td style=\"text-align: center;\" align=\"left\">Marko Juri\u010devi\u0107, prof.<\/td>\n<\/tr>\n<tr>\n<td style=\"text-align: center;\">kros (\u017e, m)<\/td>\n<td style=\"text-align: center;\" align=\"left\">Vanesa Juri\u0107, prof.<\/td>\n<\/tr>\n<tr>\n<td style=\"text-align: center;\">odbojka na pijesku (\u017e, m)<\/td>\n<td style=\"text-align: center;\" align=\"left\">Vanesa Juri\u0107, prof.<\/td>\n<\/tr>\n<tr>\n<td style=\"text-align: center;\">badminton (\u017e, m)<\/td>\n<td style=\"text-align: center;\" align=\"left\">Vanesa Juri\u0107, prof.<\/td>\n<\/tr>\n<tr>\n<td style=\"text-align: center;\">skijanje (\u017e, m)<\/td>\n<td style=\"text-align: center;\" align=\"left\">Marko Juri\u010devi\u0107, prof.<\/td>\n<\/tr>\n<tr>\n<td style=\"text-align: center;\">stolni tenis (\u017e, m)<\/td>\n<td style=\"text-align: center;\" align=\"left\">Marko Juri\u010devi\u0107, prof.<\/td>\n<\/tr>\n<\/tbody>\n<\/table>\n<p>&nbsp;<\/p>\n<p>Od 2002. godine \u0160\u0160K &#8220;Cener&#8221; organizira Dane sporta X. gimnazije Ivan Supek. U sklopu Dana sporta organiziraju se natjecanja u malom nogometu (4+1) i u uli\u010dnoj ko\u0161arci (3), a najbolje ekipe i pojedinci dobivaju nagrade i priznanja. Jednom godi\u0161nje odr\u017eava se \u0161kolsko natjecanje u stolnom tenisu.<\/p>\n<p><b>Rezultati na\u0161ih u\u010denika svrstavaju nas u sam vrh zagreba\u010dkog pa i hrvatskog srednjo\u0161kolskog \u0161porta.<\/b><\/p>\n","protected":false},"excerpt":{"rendered":"<p>U bogatoj povijesti \u0161kolskog \u0161porta u Zagrebu ostat \u0107e zapisano i ime \u0161kolskog \u0161portskog kluba Cener koji nastavlja tradiciju nastupa na\u0161ih u\u010denika na gradskim, \u017eupanijskim i dr\u017eavnim natjecanjima. Djeluju\u0107i od samog po\u010detka rada X. gimnazije (1. rujna 1991. g.), \u0160\u0160K Cener dao je velik doprinos u razvoju \u0161kolskog \u0161porta i izrastao u razgranato stablo svih [&hellip;]<\/p>\n","protected":false},"author":2,"featured_media":0,"parent":0,"menu_order":0,"comment_status":"closed","ping_status":"closed","template":"","meta":{"ngg_post_thumbnail":0,"footnotes":""},"_links":{"self":[{"href":"https:\/\/deseta-gimnazija.hr\/index.php?rest_route=\/wp\/v2\/pages\/647"}],"collection":[{"href":"https:\/\/deseta-gimnazija.hr\/index.php?rest_route=\/wp\/v2\/pages"}],"about":[{"href":"https:\/\/deseta-gimnazija.hr\/index.php?rest_route=\/wp\/v2\/types\/page"}],"author":[{"embeddable":true,"href":"https:\/\/deseta-gimnazija.hr\/index.php?rest_route=\/wp\/v2\/users\/2"}],"replies":[{"embeddable":true,"href":"https:\/\/deseta-gimnazija.hr\/index.php?rest_route=%2Fwp%2Fv2%2Fcomments&post=647"}],"version-history":[{"count":3,"href":"https:\/\/deseta-gimnazija.hr\/index.php?rest_route=\/wp\/v2\/pages\/647\/revisions"}],"predecessor-version":[{"id":11083,"href":"https:\/\/deseta-gimnazija.hr\/index.php?rest_route=\/wp\/v2\/pages\/647\/revisions\/11083"}],"wp:attachment":[{"href":"https:\/\/deseta-gimnazija.hr\/index.php?rest_route=%2Fwp%2Fv2%2Fmedia&parent=647"}],"curies":[{"name":"wp","href":"https:\/\/api.w.org\/{rel}","templated":true}]}}