{"id":6454,"date":"2020-05-20T06:02:13","date_gmt":"2020-05-20T05:02:13","guid":{"rendered":"https:\/\/deseta-gimnazija.hr\/?page_id=6454"},"modified":"2020-05-20T06:05:59","modified_gmt":"2020-05-20T05:05:59","slug":"u-doba-korone","status":"publish","type":"page","link":"https:\/\/deseta-gimnazija.hr\/?page_id=6454","title":{"rendered":"U doba korone"},"content":{"rendered":"<p><img loading=\"lazy\" decoding=\"async\" class=\"alignnone size-full wp-image-6453\" src=\"https:\/\/deseta-gimnazija.hr\/wp-content\/uploads\/2020\/05\/\u0160kola-koronavirus.jpg\" alt=\"\" width=\"1200\" height=\"411\" srcset=\"https:\/\/deseta-gimnazija.hr\/wp-content\/uploads\/2020\/05\/\u0160kola-koronavirus.jpg 1200w, https:\/\/deseta-gimnazija.hr\/wp-content\/uploads\/2020\/05\/\u0160kola-koronavirus-300x103.jpg 300w, https:\/\/deseta-gimnazija.hr\/wp-content\/uploads\/2020\/05\/\u0160kola-koronavirus-768x263.jpg 768w, https:\/\/deseta-gimnazija.hr\/wp-content\/uploads\/2020\/05\/\u0160kola-koronavirus-1024x351.jpg 1024w, https:\/\/deseta-gimnazija.hr\/wp-content\/uploads\/2020\/05\/\u0160kola-koronavirus-830x284.jpg 830w, https:\/\/deseta-gimnazija.hr\/wp-content\/uploads\/2020\/05\/\u0160kola-koronavirus-230x79.jpg 230w, https:\/\/deseta-gimnazija.hr\/wp-content\/uploads\/2020\/05\/\u0160kola-koronavirus-350x120.jpg 350w, https:\/\/deseta-gimnazija.hr\/wp-content\/uploads\/2020\/05\/\u0160kola-koronavirus-480x164.jpg 480w\" sizes=\"(max-width: 1200px) 100vw, 1200px\" \/><\/p>\n<p>Dragi na\u0161i u\u010denici, roditelji i zaposlenici,<\/p>\n<p>uslijed pandemije koronavirusom, nalazimo se u izmijenjenom globalnom okru\u017eenju. Obrazovanje u u\u010dionicama \u0161irom svijeta naglo se zaustavilo i pred nama su razni izazovi. Prilago\u0111avamo se novoj stvarnosti koja zna\u010di prilago\u0111avanje na novu rutinu u\u010denja na daljinu i na neo\u010dekivane pote\u0161ko\u0107e s kojima se pritom susre\u0107emo.<\/p>\n<p>Stoga su na\u0161i napori usmjereni na ostvarivanje tri cilja:<\/p>\n<ol>\n<li><strong><u> Osigurati nastavak u\u010denja i ostvarivanje obrazovnih ishoda<\/u><\/strong><\/li>\n<\/ol>\n<p>U tom pogledu smo se odlu\u010dii za odr\u017eavanje nastave prema rasporedu u realnom vremenu, od 8 do 14 sati. Na taj na\u010din ste u direktnom kontaktu sa svojim profesorima, mo\u017eete dobiti poja\u0161njenje za nejasno\u0107e na koje nailazite, prati se va\u0161 napredak i dobivate povratnu informaciju o svome radu. U isto vrijeme postavljena je struktura i radna atmosfera koja u ova neizvjesna i nesigurna vremena mo\u017ee biti jedan od izvora sigurnosti.<\/p>\n<ol start=\"2\">\n<li><strong><u> Osiguratii dobrostanje i mentalno zdravlje na\u0161ih u\u010denika i zaposlenika<\/u><\/strong><\/li>\n<\/ol>\n<p>Novonastala situacija koja sa sobom nosi izolaciju, ograni\u010denost u kretanju i manjak socijalnih kontakata mo\u017ee utjecati na poja\u010dan stres i mentalno zdravlje. Briga o mentalnom zdravlju, izme\u0111u ostalog, o\u010dituje se kroz brigu o hrani koju konzumiramo i stoga smo oformili facebook grupu \u201eX. gimnazija \u201cIvan Supek\u201d \u2013 Smoothie Challenge u doba koronavirusa\u201c. Kroz vje\u017ebanje mo\u017eemo unaprijediti svoje fizi\u010dko &nbsp;i mentalno zdravlje te smo predlo\u017eili aktivnost \u201eVje\u017ebajmo zajedno \u2013 ples i plank challenge\u201c. Kori\u0161tenje humora jedan je od korisnih mehanizama samopodr\u0161ke te smo organizirali aktivnosti pod temom \u201eHumor na\u0161 svagda\u0161nji\u201c. Povezanost s prijateljima, obitelji i zajednicom pru\u017ea nam potporu te smo se uklju\u010dili u kampanju Solidarnost &#8211; svi smo u ovome zajedno, ujedinjeni u solidarnosti.<\/p>\n<ol start=\"3\">\n<li><strong><u> Odr\u017eati i u\u010dvrstiti na\u0161u \u0161kolsku zajednicu<\/u><\/strong><\/li>\n<\/ol>\n<p>Iako se ne susre\u0107emo u \u0160koli, \u017eelja nam je da ostanemo povezani i u\u010dvrstimo na\u0161u \u0161kolsku zajednicu. Sada je, vi\u0161e nego ikad, va\u017eno pokazati empatiju i izgraditi odnose na daljinu. Kroz razli\u010dite grupe i aktivnosti koje smo organizirali \u017eelimo pokazati da smo prisutni za razli\u010dite oblike podr\u0161ke i da se odnosi mogu nastaviti bez obzira na fizi\u010dku distancu.<\/p>\n","protected":false},"excerpt":{"rendered":"<p>Dragi na\u0161i u\u010denici, roditelji i zaposlenici, uslijed pandemije koronavirusom, nalazimo se u izmijenjenom globalnom okru\u017eenju. Obrazovanje u u\u010dionicama \u0161irom svijeta naglo se zaustavilo i pred nama su razni izazovi. Prilago\u0111avamo se novoj stvarnosti koja zna\u010di prilago\u0111avanje na novu rutinu u\u010denja na daljinu i na neo\u010dekivane pote\u0161ko\u0107e s kojima se pritom susre\u0107emo. Stoga su na\u0161i napori [&hellip;]<\/p>\n","protected":false},"author":4,"featured_media":0,"parent":0,"menu_order":0,"comment_status":"closed","ping_status":"closed","template":"","meta":{"ngg_post_thumbnail":0,"footnotes":""},"_links":{"self":[{"href":"https:\/\/deseta-gimnazija.hr\/index.php?rest_route=\/wp\/v2\/pages\/6454"}],"collection":[{"href":"https:\/\/deseta-gimnazija.hr\/index.php?rest_route=\/wp\/v2\/pages"}],"about":[{"href":"https:\/\/deseta-gimnazija.hr\/index.php?rest_route=\/wp\/v2\/types\/page"}],"author":[{"embeddable":true,"href":"https:\/\/deseta-gimnazija.hr\/index.php?rest_route=\/wp\/v2\/users\/4"}],"replies":[{"embeddable":true,"href":"https:\/\/deseta-gimnazija.hr\/index.php?rest_route=%2Fwp%2Fv2%2Fcomments&post=6454"}],"version-history":[{"count":3,"href":"https:\/\/deseta-gimnazija.hr\/index.php?rest_route=\/wp\/v2\/pages\/6454\/revisions"}],"predecessor-version":[{"id":6458,"href":"https:\/\/deseta-gimnazija.hr\/index.php?rest_route=\/wp\/v2\/pages\/6454\/revisions\/6458"}],"wp:attachment":[{"href":"https:\/\/deseta-gimnazija.hr\/index.php?rest_route=%2Fwp%2Fv2%2Fmedia&parent=6454"}],"curies":[{"name":"wp","href":"https:\/\/api.w.org\/{rel}","templated":true}]}}

<p><img loading="lazy" decoding="async" class="alignnone size-full wp-image-6453" src="https://deseta-gimnazija.hr/wp-content/uploads/2020/05/Škola-koronavirus.jpg" alt="" width="1200" height="411" srcset="https://deseta-gimnazija.hr/wp-content/uploads/2020/05/Škola-koronavirus.jpg 1200w, https://deseta-gimnazija.hr/wp-content/uploads/2020/05/Škola-koronavirus-300x103.jpg 300w, https://deseta-gimnazija.hr/wp-content/uploads/2020/05/Škola-koronavirus-768x263.jpg 768w, https://deseta-gimnazija.hr/wp-content/uploads/2020/05/Škola-koronavirus-1024x351.jpg 1024w, https://deseta-gimnazija.hr/wp-content/uploads/2020/05/Škola-koronavirus-830x284.jpg 830w, https://deseta-gimnazija.hr/wp-content/uploads/2020/05/Škola-koronavirus-230x79.jpg 230w, https://deseta-gimnazija.hr/wp-content/uploads/2020/05/Škola-koronavirus-350x120.jpg 350w, https://deseta-gimnazija.hr/wp-content/uploads/2020/05/Škola-koronavirus-480x164.jpg 480w" sizes="(max-width: 1200px) 100vw, 1200px" /></p>
<p>Dragi naši učenici, roditelji i zaposlenici,</p>
<p>uslijed pandemije koronavirusom, nalazimo se u izmijenjenom globalnom okruženju. Obrazovanje u učionicama širom svijeta naglo se zaustavilo i pred nama su razni izazovi. Prilagođavamo se novoj stvarnosti koja znači prilagođavanje na novu rutinu učenja na daljinu i na neočekivane poteškoće s kojima se pritom susrećemo.</p>
<p>Stoga su naši napori usmjereni na ostvarivanje tri cilja:</p>
<ol>
<li><strong><u> Osigurati nastavak učenja i ostvarivanje obrazovnih ishoda</u></strong></li>
</ol>
<p>U tom pogledu smo se odlučii za održavanje nastave prema rasporedu u realnom vremenu, od 8 do 14 sati. Na taj način ste u direktnom kontaktu sa svojim profesorima, možete dobiti pojašnjenje za nejasnoće na koje nailazite, prati se vaš napredak i dobivate povratnu informaciju o svome radu. U isto vrijeme postavljena je struktura i radna atmosfera koja u ova neizvjesna i nesigurna vremena može biti jedan od izvora sigurnosti.</p>
<ol start="2">
<li><strong><u> Osiguratii dobrostanje i mentalno zdravlje naših učenika i zaposlenika</u></strong></li>
</ol>
<p>Novonastala situacija koja sa sobom nosi izolaciju, ograničenost u kretanju i manjak socijalnih kontakata može utjecati na pojačan stres i mentalno zdravlje. Briga o mentalnom zdravlju, između ostalog, očituje se kroz brigu o hrani koju konzumiramo i stoga smo oformili facebook grupu „X. gimnazija “Ivan Supek” – Smoothie Challenge u doba koronavirusa“. Kroz vježbanje možemo unaprijediti svoje fizičko &nbsp;i mentalno zdravlje te smo predložili aktivnost „Vježbajmo zajedno – ples i plank challenge“. Korištenje humora jedan je od korisnih mehanizama samopodrške te smo organizirali aktivnosti pod temom „Humor naš svagdašnji“. Povezanost s prijateljima, obitelji i zajednicom pruža nam potporu te smo se uključili u kampanju Solidarnost &#8211; svi smo u ovome zajedno, ujedinjeni u solidarnosti.</p>
<ol start="3">
<li><strong><u> Održati i učvrstiti našu školsku zajednicu</u></strong></li>
</ol>
<p>Iako se ne susrećemo u Školi, želja nam je da ostanemo povezani i učvrstimo našu školsku zajednicu. Sada je, više nego ikad, važno pokazati empatiju i izgraditi odnose na daljinu. Kroz različite grupe i aktivnosti koje smo organizirali želimo pokazati da smo prisutni za različite oblike podrške i da se odnosi mogu nastaviti bez obzira na fizičku distancu.</p>

<p>Dragi naši učenici, roditelji i zaposlenici, uslijed pandemije koronavirusom, nalazimo se u izmijenjenom globalnom okruženju. Obrazovanje u učionicama širom svijeta naglo se zaustavilo i pred nama su razni izazovi. Prilagođavamo se novoj stvarnosti koja znači prilagođavanje na novu rutinu učenja na daljinu i na neočekivane poteškoće s kojima se pritom susrećemo. Stoga su naši napori [&hellip;]</p>
