{"id":6364,"date":"2020-05-13T06:07:04","date_gmt":"2020-05-13T05:07:04","guid":{"rendered":"https:\/\/deseta-gimnazija.hr\/?page_id=6364"},"modified":"2020-05-13T07:21:36","modified_gmt":"2020-05-13T06:21:36","slug":"nove-suradnje","status":"publish","type":"page","link":"https:\/\/deseta-gimnazija.hr\/?page_id=6364","title":{"rendered":"Nove suradnje"},"content":{"rendered":"<p><img loading=\"lazy\" decoding=\"async\" class=\"alignnone size-full wp-image-6408\" src=\"https:\/\/deseta-gimnazija.hr\/wp-content\/uploads\/2020\/05\/edutopija.jpg\" alt=\"\" width=\"800\" height=\"725\" srcset=\"https:\/\/deseta-gimnazija.hr\/wp-content\/uploads\/2020\/05\/edutopija.jpg 800w, https:\/\/deseta-gimnazija.hr\/wp-content\/uploads\/2020\/05\/edutopija-300x272.jpg 300w, https:\/\/deseta-gimnazija.hr\/wp-content\/uploads\/2020\/05\/edutopija-768x696.jpg 768w, https:\/\/deseta-gimnazija.hr\/wp-content\/uploads\/2020\/05\/edutopija-230x208.jpg 230w, https:\/\/deseta-gimnazija.hr\/wp-content\/uploads\/2020\/05\/edutopija-350x317.jpg 350w, https:\/\/deseta-gimnazija.hr\/wp-content\/uploads\/2020\/05\/edutopija-480x435.jpg 480w\" sizes=\"(max-width: 800px) 100vw, 800px\" \/><\/p>\n<p>Kroz pra\u0107enje projekta Bioaznolikost i molekularno oplemenjivanje bilja &nbsp;ostvarili smo suradnju i s udrugom Zelena Mre\u017ea Aktivisti\u010dkih Grupa (ZMAG) te smo se uklju\u010dili u projekt <strong>EdUTOPIJA 21<\/strong> koji oni provode.<\/p>\n<p>Projekt <strong>EdUTOPIJA 21 \u2013 stvaramo odr\u017eivu budu\u0107nost<\/strong> poti\u010de umre\u017eavanje i suradnju \u0161kola, organizacija civilnog dru\u0161tva i lokalne zajednice s ciljem osmi\u0161ljavanja, pokretanja i provo\u0111enja suradni\u010dkih inicijativa i projekata koji doprinose pobolj\u0161anju kvalitete \u017eivota lokalne zajednice i ostvarivanju ciljeva odr\u017eivog razvoja.<\/p>\n<p>&nbsp;<\/p>\n<p><strong>Dru\u0161tvena banka sjemena<\/strong><\/p>\n<p><img loading=\"lazy\" decoding=\"async\" class=\"size-full wp-image-6409 aligncenter\" src=\"https:\/\/deseta-gimnazija.hr\/wp-content\/uploads\/2020\/05\/biox-banka-sjemena.jpg\" alt=\"\" width=\"271\" height=\"347\" srcset=\"https:\/\/deseta-gimnazija.hr\/wp-content\/uploads\/2020\/05\/biox-banka-sjemena.jpg 271w, https:\/\/deseta-gimnazija.hr\/wp-content\/uploads\/2020\/05\/biox-banka-sjemena-234x300.jpg 234w, https:\/\/deseta-gimnazija.hr\/wp-content\/uploads\/2020\/05\/biox-banka-sjemena-230x295.jpg 230w\" sizes=\"(max-width: 271px) 100vw, 271px\" \/><\/p>\n<p>Na adresu na\u0161e \u0161kole stigle su sjemenke graha iz <strong>Dru\u0161tvene banke sjemena<\/strong> koje nam je poslala gospo\u0111a Sendi Osmi\u010devi\u0107 iz udruge Zelena Mre\u017ea Aktivisti\u010dkih Grupa (<strong>ZMAG<\/strong>). Tako se i na\u0161 BioX tim uklju\u010dio u projekt <strong>Vrtekice<\/strong> u kojem \u0107emo osim vrtlarenju i umnaz\u030canju sjemena, sudjelovati u edukacijama i podizanju svijesti o ekolos\u030ckim temama, dijeljenju znanja o vaz\u030cnosti oc\u030cuvanja lokalnih i tradicijskih sorti te promicanju suvereniteta sjemena i hrane.<\/p>\n<p><img loading=\"lazy\" decoding=\"async\" class=\"alignnone size-full wp-image-6410\" src=\"https:\/\/deseta-gimnazija.hr\/wp-content\/uploads\/2020\/05\/Sjemenke-graha.jpg\" alt=\"\" width=\"1000\" height=\"726\" srcset=\"https:\/\/deseta-gimnazija.hr\/wp-content\/uploads\/2020\/05\/Sjemenke-graha.jpg 1000w, https:\/\/deseta-gimnazija.hr\/wp-content\/uploads\/2020\/05\/Sjemenke-graha-300x218.jpg 300w, https:\/\/deseta-gimnazija.hr\/wp-content\/uploads\/2020\/05\/Sjemenke-graha-768x558.jpg 768w, https:\/\/deseta-gimnazija.hr\/wp-content\/uploads\/2020\/05\/Sjemenke-graha-830x603.jpg 830w, https:\/\/deseta-gimnazija.hr\/wp-content\/uploads\/2020\/05\/Sjemenke-graha-550x400.jpg 550w, https:\/\/deseta-gimnazija.hr\/wp-content\/uploads\/2020\/05\/Sjemenke-graha-230x167.jpg 230w, https:\/\/deseta-gimnazija.hr\/wp-content\/uploads\/2020\/05\/Sjemenke-graha-350x254.jpg 350w, https:\/\/deseta-gimnazija.hr\/wp-content\/uploads\/2020\/05\/Sjemenke-graha-480x348.jpg 480w\" sizes=\"(max-width: 1000px) 100vw, 1000px\" \/><\/p>\n<p>Na\u0161 tim sudjeluje u umna\u017eanju sjemenki graha i to tri vrste: Mnogocvijetni, Grah zelen\u010dek i Grah mahunar.<\/p>\n<p><img loading=\"lazy\" decoding=\"async\" class=\"alignnone size-full wp-image-6407 aligncenter\" src=\"https:\/\/deseta-gimnazija.hr\/wp-content\/uploads\/2020\/05\/Sjemenje-bilten.jpg\" alt=\"\" width=\"471\" height=\"669\" srcset=\"https:\/\/deseta-gimnazija.hr\/wp-content\/uploads\/2020\/05\/Sjemenje-bilten.jpg 471w, https:\/\/deseta-gimnazija.hr\/wp-content\/uploads\/2020\/05\/Sjemenje-bilten-211x300.jpg 211w, https:\/\/deseta-gimnazija.hr\/wp-content\/uploads\/2020\/05\/Sjemenje-bilten-230x327.jpg 230w, https:\/\/deseta-gimnazija.hr\/wp-content\/uploads\/2020\/05\/Sjemenje-bilten-350x497.jpg 350w\" sizes=\"(max-width: 471px) 100vw, 471px\" \/><\/p>\n<p>Vi\u0161e mo\u017eete pogledati u biltenu na poveznici <a href=\"https:\/\/mcusercontent.com\/7c0ee66b225afff7a9da2d2a0\/files\/bc7cdb49-5948-4890-8adc-1a32dc1a088a\/DBS_bilten_04_2020.pdf\" target=\"_blank\" rel=\"noopener\">https:\/\/mcusercontent.com\/7c0ee66b225afff7a9da2d2a0\/files\/bc7cdb49-5948-4890-8adc-1a32dc1a088a\/DBS_bilten_04_2020.pdf<\/a><\/p>\n","protected":false},"excerpt":{"rendered":"<p>Kroz pra\u0107enje projekta Bioaznolikost i molekularno oplemenjivanje bilja &nbsp;ostvarili smo suradnju i s udrugom Zelena Mre\u017ea Aktivisti\u010dkih Grupa (ZMAG) te smo se uklju\u010dili u projekt EdUTOPIJA 21 koji oni provode. Projekt EdUTOPIJA 21 \u2013 stvaramo odr\u017eivu budu\u0107nost poti\u010de umre\u017eavanje i suradnju \u0161kola, organizacija civilnog dru\u0161tva i lokalne zajednice s ciljem osmi\u0161ljavanja, pokretanja i provo\u0111enja suradni\u010dkih [&hellip;]<\/p>\n","protected":false},"author":4,"featured_media":0,"parent":0,"menu_order":0,"comment_status":"closed","ping_status":"closed","template":"","meta":{"ngg_post_thumbnail":0,"footnotes":""},"_links":{"self":[{"href":"https:\/\/deseta-gimnazija.hr\/index.php?rest_route=\/wp\/v2\/pages\/6364"}],"collection":[{"href":"https:\/\/deseta-gimnazija.hr\/index.php?rest_route=\/wp\/v2\/pages"}],"about":[{"href":"https:\/\/deseta-gimnazija.hr\/index.php?rest_route=\/wp\/v2\/types\/page"}],"author":[{"embeddable":true,"href":"https:\/\/deseta-gimnazija.hr\/index.php?rest_route=\/wp\/v2\/users\/4"}],"replies":[{"embeddable":true,"href":"https:\/\/deseta-gimnazija.hr\/index.php?rest_route=%2Fwp%2Fv2%2Fcomments&post=6364"}],"version-history":[{"count":3,"href":"https:\/\/deseta-gimnazija.hr\/index.php?rest_route=\/wp\/v2\/pages\/6364\/revisions"}],"predecessor-version":[{"id":6411,"href":"https:\/\/deseta-gimnazija.hr\/index.php?rest_route=\/wp\/v2\/pages\/6364\/revisions\/6411"}],"wp:attachment":[{"href":"https:\/\/deseta-gimnazija.hr\/index.php?rest_route=%2Fwp%2Fv2%2Fmedia&parent=6364"}],"curies":[{"name":"wp","href":"https:\/\/api.w.org\/{rel}","templated":true}]}}