{"id":6183,"date":"2020-04-27T14:58:10","date_gmt":"2020-04-27T13:58:10","guid":{"rendered":"https:\/\/deseta-gimnazija.hr\/?page_id=6183"},"modified":"2020-05-14T10:45:40","modified_gmt":"2020-05-14T09:45:40","slug":"humor-nas-svagdasnji","status":"publish","type":"page","link":"https:\/\/deseta-gimnazija.hr\/?page_id=6183","title":{"rendered":"Humor na\u0161 svagda\u0161nji!"},"content":{"rendered":"<p><img loading=\"lazy\" decoding=\"async\" class=\"alignnone size-full wp-image-6238 aligncenter\" src=\"https:\/\/deseta-gimnazija.hr\/wp-content\/uploads\/2020\/05\/IMG_3036.jpg\" alt=\"\" width=\"640\" height=\"480\" srcset=\"https:\/\/deseta-gimnazija.hr\/wp-content\/uploads\/2020\/05\/IMG_3036.jpg 640w, https:\/\/deseta-gimnazija.hr\/wp-content\/uploads\/2020\/05\/IMG_3036-300x225.jpg 300w, https:\/\/deseta-gimnazija.hr\/wp-content\/uploads\/2020\/05\/IMG_3036-230x173.jpg 230w, https:\/\/deseta-gimnazija.hr\/wp-content\/uploads\/2020\/05\/IMG_3036-350x263.jpg 350w, https:\/\/deseta-gimnazija.hr\/wp-content\/uploads\/2020\/05\/IMG_3036-480x360.jpg 480w\" sizes=\"(max-width: 640px) 100vw, 640px\" \/><\/p>\n<p>Mnoge stvari su se promijenile u na\u0161im \u017eivotima i znatno je vi\u0161e nesigurnosti u novonastaloj situaciji uzrokovanoj koronavirusom. Ljudi pronalaze razli\u010dite na\u010dine kako bi se uspje\u0161no nosili s novim okolnostima, a jedan od mehanizama koji u tome poma\u017ee je i kori\u0161tenje humora. Tako su virtualnim prostorom po\u010dele vrlo brzo kru\u017eiti \u0161aljive fotografije i video isje\u010dci s ciljem da se ubla\u017ei napetost koja je zavladala.<\/p>\n<p>Humor, koji uklju\u010duje i smijeh, ima vi\u0161estruki pozitivan u\u010dinak:<\/p>\n<ul>\n<li>\u0161titi imunolo\u0161ki sustav<\/li>\n<li>pobolj\u0161ava mentalno i fizi\u010dko zdravlje<\/li>\n<li>pove\u0107ava samopouzdanje<\/li>\n<li>\u0161titi od depresije<\/li>\n<li>smanjuje napetost<\/li>\n<li>ubla\u017eava hormon stresa<\/li>\n<li>pobolj\u0161ati zdravlje kardiovaskularnog sustava<\/li>\n<li>sni\u017eava otkucaje srca, krvni pritisak i mi\u0161i\u0107nu napetost<\/li>\n<li>povezuje ljude<\/li>\n<li>poma\u017ee ljudima da se nose s boli i fizi\u010dkim neda\u0107ama.<\/li>\n<\/ul>\n<p>Stoga vas pozivamo da zajedno s kolegama iz razreda snimite fotografiju ili video s nekom duhovitom porukom npr, kako sprije\u010diti zarazu Covid-19, kako provodite slobodno vrijeme ili u\u010dite na daljinu tjekom ove pandemije. Vodite ra\u010duna da postoje razli\u010dite vrste humora, a mi vas poti\u010demo da koristite onaj koji \u0107e pokazati va\u0161 duhovit pogled na \u017eivot i trenutnu situaciju i koji nije usmjeren da povrijedi druge i druga\u010dije.<\/p>\n<p>Svoje uratke mo\u017eete podijeliti u Teamsima i poslati na mail adresu: <a href=\"mailto:marija.roth@skole.hr\">marija.roth@skole.hr<\/a>.<\/p>\nngg_shortcode_0_placeholder\n","protected":false},"excerpt":{"rendered":"<p>Mnoge stvari su se promijenile u na\u0161im \u017eivotima i znatno je vi\u0161e nesigurnosti u novonastaloj situaciji uzrokovanoj koronavirusom. Ljudi pronalaze razli\u010dite na\u010dine kako bi se uspje\u0161no nosili s novim okolnostima, a jedan od mehanizama koji u tome poma\u017ee je i kori\u0161tenje humora. Tako su virtualnim prostorom po\u010dele vrlo brzo kru\u017eiti \u0161aljive fotografije i video isje\u010dci [&hellip;]<\/p>\n","protected":false},"author":4,"featured_media":0,"parent":0,"menu_order":0,"comment_status":"closed","ping_status":"closed","template":"","meta":{"ngg_post_thumbnail":0,"footnotes":""},"_links":{"self":[{"href":"https:\/\/deseta-gimnazija.hr\/index.php?rest_route=\/wp\/v2\/pages\/6183"}],"collection":[{"href":"https:\/\/deseta-gimnazija.hr\/index.php?rest_route=\/wp\/v2\/pages"}],"about":[{"href":"https:\/\/deseta-gimnazija.hr\/index.php?rest_route=\/wp\/v2\/types\/page"}],"author":[{"embeddable":true,"href":"https:\/\/deseta-gimnazija.hr\/index.php?rest_route=\/wp\/v2\/users\/4"}],"replies":[{"embeddable":true,"href":"https:\/\/deseta-gimnazija.hr\/index.php?rest_route=%2Fwp%2Fv2%2Fcomments&post=6183"}],"version-history":[{"count":4,"href":"https:\/\/deseta-gimnazija.hr\/index.php?rest_route=\/wp\/v2\/pages\/6183\/revisions"}],"predecessor-version":[{"id":6452,"href":"https:\/\/deseta-gimnazija.hr\/index.php?rest_route=\/wp\/v2\/pages\/6183\/revisions\/6452"}],"wp:attachment":[{"href":"https:\/\/deseta-gimnazija.hr\/index.php?rest_route=%2Fwp%2Fv2%2Fmedia&parent=6183"}],"curies":[{"name":"wp","href":"https:\/\/api.w.org\/{rel}","templated":true}]}}