{"id":609,"date":"2018-03-14T12:27:57","date_gmt":"2018-03-14T11:27:57","guid":{"rendered":"https:\/\/deseta-gimnazija.hr\/?page_id=609"},"modified":"2018-10-16T15:31:45","modified_gmt":"2018-10-16T14:31:45","slug":"dramsko-recitatorska-druzina","status":"publish","type":"page","link":"https:\/\/deseta-gimnazija.hr\/?page_id=609","title":{"rendered":"Dramsko recitatorska dru\u017eina"},"content":{"rendered":"<p><strong>Dramsko-recitatorska dru\u017eina, voditeljica Andrea Kosovi\u0107, prof.<\/strong><\/p>\n<p>Dramsko-recitatorska dru\u017eina aktivno djeluje u sklopu \u0160kole od 1991. godine, a okuplja u\u010denike zainteresirane za ostvarivanje gluma\u010dkih potencijala. Tako su neki na\u0161i u\u010denici i u\u010denice, biv\u0161i \u010dlanovi dru\u017eine, nastavili razvijati svoj gluma\u010dki, snimateljski ili redateljski put u profesionalnom smjeru. U dru\u017eini se poti\u010de razvoj kreativnosti i suradni\u010dkih odnosa kroz razne aktivnosti. U\u010denici osmi\u0161ljavaju i uvje\u017ebavaju program \u0161kolske priredbe, sudjeluju na okruglim stolovima, radnim izletima te izradi plakata. Va\u017ena aktivnost dramsko-recitatorske dru\u017eine je i sudjelovanje na dr\u017eavnoj Smotri literarnog, dramsko-scenskog i novinarskog stvarala\u0161tva LiDraNO.<\/p>\n","protected":false},"excerpt":{"rendered":"<p>Dramsko-recitatorska dru\u017eina, voditeljica Andrea Kosovi\u0107, prof. Dramsko-recitatorska dru\u017eina aktivno djeluje u sklopu \u0160kole od 1991. godine, a okuplja u\u010denike zainteresirane za ostvarivanje gluma\u010dkih potencijala. Tako su neki na\u0161i u\u010denici i u\u010denice, biv\u0161i \u010dlanovi dru\u017eine, nastavili razvijati svoj gluma\u010dki, snimateljski ili redateljski put u profesionalnom smjeru. U dru\u017eini se poti\u010de razvoj kreativnosti i suradni\u010dkih odnosa kroz [&hellip;]<\/p>\n","protected":false},"author":2,"featured_media":0,"parent":0,"menu_order":0,"comment_status":"closed","ping_status":"closed","template":"","meta":{"ngg_post_thumbnail":0,"footnotes":""},"_links":{"self":[{"href":"https:\/\/deseta-gimnazija.hr\/index.php?rest_route=\/wp\/v2\/pages\/609"}],"collection":[{"href":"https:\/\/deseta-gimnazija.hr\/index.php?rest_route=\/wp\/v2\/pages"}],"about":[{"href":"https:\/\/deseta-gimnazija.hr\/index.php?rest_route=\/wp\/v2\/types\/page"}],"author":[{"embeddable":true,"href":"https:\/\/deseta-gimnazija.hr\/index.php?rest_route=\/wp\/v2\/users\/2"}],"replies":[{"embeddable":true,"href":"https:\/\/deseta-gimnazija.hr\/index.php?rest_route=%2Fwp%2Fv2%2Fcomments&post=609"}],"version-history":[{"count":0,"href":"https:\/\/deseta-gimnazija.hr\/index.php?rest_route=\/wp\/v2\/pages\/609\/revisions"}],"wp:attachment":[{"href":"https:\/\/deseta-gimnazija.hr\/index.php?rest_route=%2Fwp%2Fv2%2Fmedia&parent=609"}],"curies":[{"name":"wp","href":"https:\/\/api.w.org\/{rel}","templated":true}]}}