{"id":599,"date":"2018-03-14T11:54:57","date_gmt":"2018-03-14T10:54:57","guid":{"rendered":"https:\/\/deseta-gimnazija.hr\/?page_id=599"},"modified":"2018-03-14T11:54:57","modified_gmt":"2018-03-14T10:54:57","slug":"pasch-projekt","status":"publish","type":"page","link":"https:\/\/deseta-gimnazija.hr\/?page_id=599","title":{"rendered":"PASCH projekt"},"content":{"rendered":"<h5 align=\"center\">\u0160to je inicijativa \u201e\u0160kole &#8211; partneri budu\u0107nosti\u201c<\/h5>\n<p>&nbsp;<\/p>\n<p>Savezni ministar vanjskih poslova dr. Frank-Walter Steinmeier pokrenuo je inicijativu\u00a0<b>\u201e\u0160kole: partneri budu\u0107nosti\u201c<\/b>. Njezin je cilj stvoriti mre\u017eu od najmanje 1000 partner-\u0161kola po cijelom svijetu i time kod mladih ljudi pobuditi zanimanje za modernu Njema\u010dku i njezino dru\u0161tvo. Inicijativa se realizira zajedno s Centralnim uredom za \u0161kolstvo u inozemstvu, Goethe-Institutom, Pedago\u0161kom slu\u017ebom za razmjenu , Konferencije ministara kulture i Njema\u010dkom slu\u017ebom za akademsku razmjenu.<\/p>\n<p>&nbsp;<\/p>\n<p><b>GOETHE-INSTITUT<\/b>\u00a0podupire \u0161kolu \u010dlanicu Inicijative u usavr\u0161avanju nastave njema\u010dkoga kao \u0161kolskog predmeta, stavlja na raspolaganje moderne, multimedijalno primjenjive materijale za u\u010denje, materijale o Njema\u010dkoj, tehni\u010dke aparate te podupire \u0161kolu u osiguranju visoke kvalitete nastave njema\u010dkog jezika stru\u010dnim usavr\u0161avanjem nastavnika.<\/p>\n<p>&nbsp;<\/p>\n<h5 align=\"center\">Koje su prednosti inicijative za u\u010denice i u\u010denike?<\/h5>\n<p>&nbsp;<\/p>\n<p>Inicijativa\u00a0<b>\u201e\u0160kole: partneri budu\u0107nosti\u201c<\/b>\u00a0za u\u010denike i u\u010denice \u0161kole \u010dlana atraktivna je mogu\u0107nost da rano upoznaju njema\u010dki jezik i njema\u010dki kulturni prostor. Jer u\u010denje njema\u010dkog jezika zna\u010di u\u010denje jednog stranog jezika s jasnom perspektivom: tko njema\u010dki govori, mo\u017ee ne samo komunicirati sa 119 milijuna ljudi na njihovom materinjem jeziku, nego si osigurava temelj za studij u Njema\u010dkoj i nakon toga i internacionalnu karijeru.<\/p>\n<p>Posebno anga\u017eirane u\u010denice i u\u010denike dodatno \u0107emo nagra\u0111ivati pozivima na ljetne te\u010dajeve za mlade u Njema\u010dkoj, sudjelovanjem na me\u0111unarodnoj olimpijadi njema\u010dkog jezika ili dobitkom atraktivnih premija.<\/p>\n<p>Slu\u017ebeni po\u010detak ove inicijative obilje\u017een je 14. studenoga 2008. godine u Puli kada je progla\u0161eno 6 srednjih \u0161kola iz Hrvatske koje su zadovoljile visoke standarde za uklju\u010divanje u PASCH-projekt.<\/p>\n<p>X. gimnazija &#8220;Ivan Supek&#8221; jedina je \u0161kola iz Zagreba koja je u\u0161la u tu veliku svjetsku &#8220;obitelj&#8221; od ukupno 1000 \u0161kola \u0161irom svijeta.<\/p>\n<p>Slu\u017ebeni \u010din progla\u0161enja otkrivanjem plo\u010de s natpisom i potpisivanjem ugovora o suradnji bio je\u00a0<b>2. velja\u010de 2009. godine<\/b>\u00a0godine \u010demu su prisustvovali predstavnici Njema\u010dkog veleposlanstva iz Zagreba, Goethe-instituta, Ministarstva znanosti, obrazovanja i \u0161porta, Gradskog ureda za obrazovanje, Nacionalnog centra za vanjsko vrednovanje obrazovanja, Agencije za odgoj i obrazovanje, \u0160kolskih novina, ravnatelji zagreba\u010dkih gimnazija i strukovnih \u0161kola, tiska, radija i televizije, ravnateljica, profesori i u\u010denici X. gimnazije &#8220;Ivan Supek&#8221; i mnogi njeni prijatelji i \u0161tovatelji.<\/p>\n<p>Otvoren je i suvremeni centar za u\u010denje s modernim multimedijalnim sredstvima i tehni\u010dkim ure\u0111ajima koji \u0107e u\u010denicima stajati na raspolaganju u tzv. njema\u010dkom sastajali\u0161tu &#8220;treffpunkt.de&#8221;.<\/p>\n<p>Nakon slu\u017ebenoga protokola uzvanici i gosti su se ugodno opustili i zabavili u prijateljskom ozra\u010dju svojih doma\u0107ina, ravnateljice i profesora X. gimnazije &#8220;Ivan Supek&#8221; koji su nakon potpisivanja ugovora pripremili ugodan domjenak.<\/p>\n","protected":false},"excerpt":{"rendered":"<p>\u0160to je inicijativa \u201e\u0160kole &#8211; partneri budu\u0107nosti\u201c &nbsp; Savezni ministar vanjskih poslova dr. Frank-Walter Steinmeier pokrenuo je inicijativu\u00a0\u201e\u0160kole: partneri budu\u0107nosti\u201c. Njezin je cilj stvoriti mre\u017eu od najmanje 1000 partner-\u0161kola po cijelom svijetu i time kod mladih ljudi pobuditi zanimanje za modernu Njema\u010dku i njezino dru\u0161tvo. Inicijativa se realizira zajedno s Centralnim uredom za \u0161kolstvo u [&hellip;]<\/p>\n","protected":false},"author":2,"featured_media":0,"parent":0,"menu_order":0,"comment_status":"closed","ping_status":"closed","template":"","meta":{"ngg_post_thumbnail":0,"footnotes":""},"_links":{"self":[{"href":"https:\/\/deseta-gimnazija.hr\/index.php?rest_route=\/wp\/v2\/pages\/599"}],"collection":[{"href":"https:\/\/deseta-gimnazija.hr\/index.php?rest_route=\/wp\/v2\/pages"}],"about":[{"href":"https:\/\/deseta-gimnazija.hr\/index.php?rest_route=\/wp\/v2\/types\/page"}],"author":[{"embeddable":true,"href":"https:\/\/deseta-gimnazija.hr\/index.php?rest_route=\/wp\/v2\/users\/2"}],"replies":[{"embeddable":true,"href":"https:\/\/deseta-gimnazija.hr\/index.php?rest_route=%2Fwp%2Fv2%2Fcomments&post=599"}],"version-history":[{"count":1,"href":"https:\/\/deseta-gimnazija.hr\/index.php?rest_route=\/wp\/v2\/pages\/599\/revisions"}],"predecessor-version":[{"id":5915,"href":"https:\/\/deseta-gimnazija.hr\/index.php?rest_route=\/wp\/v2\/pages\/599\/revisions\/5915"}],"wp:attachment":[{"href":"https:\/\/deseta-gimnazija.hr\/index.php?rest_route=%2Fwp%2Fv2%2Fmedia&parent=599"}],"curies":[{"name":"wp","href":"https:\/\/api.w.org\/{rel}","templated":true}]}}