{"id":584,"date":"2018-03-13T12:05:48","date_gmt":"2018-03-13T11:05:48","guid":{"rendered":"https:\/\/deseta-gimnazija.hr\/?page_id=584"},"modified":"2023-09-06T15:50:04","modified_gmt":"2023-09-06T14:50:04","slug":"vijece-roditelja","status":"publish","type":"page","link":"https:\/\/deseta-gimnazija.hr\/?page_id=584","title":{"rendered":"Vije\u0107e roditelja"},"content":{"rendered":"<p><span style=\"vertical-align: inherit;\"><span style=\"vertical-align: inherit;\">Vije\u0107e roditelja (u daljnjem tekstu VR) \u010dine javno izabrani predstavnici razrednih odjela &#8211; jedan roditelj iz svakog odjela. <\/span><span style=\"vertical-align: inherit;\">Vije\u0107e roditelja formira se na konstitucijskom sastanku po\u010detkom \u0161kolske godine kada se bira i predsjednik, te predsjednik VR.<\/span><\/span><\/p>\n<p><span style=\"vertical-align: inherit;\"><span style=\"vertical-align: inherit;\">Vije\u0107e roditelja raspravlja o pitanjima zna\u010dajnim za \u017eivot i rad \u0161kole te daje mi\u0161ljenja i prijedloge u svezi:<\/span><\/span><\/p>\n<p><b><span style=\"vertical-align: inherit;\"><span style=\"vertical-align: inherit;\">&nbsp;&nbsp;&nbsp; &#8211; s radnim vremenom u\u010denika, po\u010detkom i zavr\u0161etkom nastave te drugim oblicima obrazovnog rada<\/span><\/span><\/b><\/p>\n<p><b><span style=\"vertical-align: inherit;\"><span style=\"vertical-align: inherit;\">&nbsp;&nbsp;&nbsp; &#8211; s organiziranjem izleta, ekskurzija, \u0161portskih natjecanja i kulturnih manifestacija<\/span><\/span><\/b><\/p>\n<p><b><span style=\"vertical-align: inherit;\"><span style=\"vertical-align: inherit;\">&nbsp;&nbsp;&nbsp; &#8211; s vladanjem i pona\u0161anjem u\u010denika u \u0161koli i izvan nje<\/span><\/span><\/b><\/p>\n<p><b><span style=\"vertical-align: inherit;\"><span style=\"vertical-align: inherit;\">&nbsp;&nbsp;&nbsp; &#8211; s uvjetima rada i pobolj\u0161anjem uvjeta rada u \u0161koli<\/span><\/span><\/b><\/p>\n<p><b><span style=\"vertical-align: inherit;\"><span style=\"vertical-align: inherit;\">&nbsp;&nbsp;&nbsp; &#8211; s osnivanjem i djelatnosti u\u010deni\u010dkih udruga te sudjelovanjem u\u010denika u njihovom radu<\/span><\/span><\/b><\/p>\n<p><b><span style=\"vertical-align: inherit;\"><span style=\"vertical-align: inherit;\">&nbsp;&nbsp;&nbsp; &#8211; sa socijalno-ekonomskim polo\u017eajem u\u010denika i pru\u017eanjem odgovaraju\u0107e pomo\u0107i<\/span><\/span><\/b><\/p>\n<p><b><span style=\"vertical-align: inherit;\"><span style=\"vertical-align: inherit;\">&nbsp;&nbsp;&nbsp; &#8211; s organiziranjem nastave, uspjehom u\u010denika u obrazovnom radu, izvan\u0161kolskim i izvannastavnim aktivnostima <\/span><\/span><br \/>\n<\/b><i><span style=\"vertical-align: inherit;\"><span style=\"vertical-align: inherit;\">(Statut X. gimnazije Ivan Supek, \u010dlanak 120.)<\/span><\/span><\/i><\/p>\n","protected":false},"excerpt":{"rendered":"<p>Vije\u0107e roditelja (u daljnjem tekstu VR) \u010dine javno izabrani predstavnici razrednih odjela &#8211; jedan roditelj iz svakog odjela. Vije\u0107e roditelja formira se na konstitucijskom sastanku po\u010detkom \u0161kolske godine kada se bira i predsjednik, te predsjednik VR. Vije\u0107e roditelja raspravlja o pitanjima zna\u010dajnim za \u017eivot i rad \u0161kole te daje mi\u0161ljenja i prijedloge u svezi: &nbsp;&nbsp;&nbsp; [&hellip;]<\/p>\n","protected":false},"author":2,"featured_media":0,"parent":0,"menu_order":0,"comment_status":"closed","ping_status":"closed","template":"","meta":{"ngg_post_thumbnail":0,"footnotes":""},"_links":{"self":[{"href":"https:\/\/deseta-gimnazija.hr\/index.php?rest_route=\/wp\/v2\/pages\/584"}],"collection":[{"href":"https:\/\/deseta-gimnazija.hr\/index.php?rest_route=\/wp\/v2\/pages"}],"about":[{"href":"https:\/\/deseta-gimnazija.hr\/index.php?rest_route=\/wp\/v2\/types\/page"}],"author":[{"embeddable":true,"href":"https:\/\/deseta-gimnazija.hr\/index.php?rest_route=\/wp\/v2\/users\/2"}],"replies":[{"embeddable":true,"href":"https:\/\/deseta-gimnazija.hr\/index.php?rest_route=%2Fwp%2Fv2%2Fcomments&post=584"}],"version-history":[{"count":1,"href":"https:\/\/deseta-gimnazija.hr\/index.php?rest_route=\/wp\/v2\/pages\/584\/revisions"}],"predecessor-version":[{"id":11357,"href":"https:\/\/deseta-gimnazija.hr\/index.php?rest_route=\/wp\/v2\/pages\/584\/revisions\/11357"}],"wp:attachment":[{"href":"https:\/\/deseta-gimnazija.hr\/index.php?rest_route=%2Fwp%2Fv2%2Fmedia&parent=584"}],"curies":[{"name":"wp","href":"https:\/\/api.w.org\/{rel}","templated":true}]}}