{"id":30,"date":"2018-02-07T09:04:07","date_gmt":"2018-02-07T09:04:07","guid":{"rendered":"https:\/\/deseta-gimnazija.hr\/wp\/?page_id=30"},"modified":"2026-02-19T15:35:25","modified_gmt":"2026-02-19T13:35:25","slug":"kontakt","status":"publish","type":"page","link":"https:\/\/deseta-gimnazija.hr\/?page_id=30","title":{"rendered":"Kontakt"},"content":{"rendered":"<table width=\"607\">\n<tbody>\n<tr>\n<td style=\"text-align: center;\" colspan=\"2\" width=\"607\"><strong><span style=\"color: #1e90ff;\"><span style=\"vertical-align: inherit;\"><span style=\"vertical-align: inherit;\"><span style=\"vertical-align: inherit;\"><span style=\"vertical-align: inherit;\">Adresa: Vjekoslava Klai\u0107a 7, 10000 Zagreb <\/span><\/span><\/span><\/span><\/span><\/strong><br \/>\n<strong><span style=\"color: #1e90ff;\"><span style=\"vertical-align: inherit;\"><span style=\"vertical-align: inherit;\"><span style=\"vertical-align: inherit;\"><span style=\"vertical-align: inherit;\">email: deseta@deseta-gimnazija.hr <\/span><\/span><\/span><\/span><\/span><\/strong><br \/>\n<strong><span style=\"color: #1e90ff;\"><span style=\"vertical-align: inherit;\"><span style=\"vertical-align: inherit;\"><span style=\"vertical-align: inherit;\"><span style=\"vertical-align: inherit;\">\u0160ifra \u0161kole: 21-114-510 <\/span><\/span><\/span><\/span><\/span><\/strong><br \/>\n<strong><span style=\"color: #1e90ff;\"><span style=\"vertical-align: inherit;\"><span style=\"vertical-align: inherit;\"><span style=\"vertical-align: inherit;\"><span style=\"vertical-align: inherit;\">OIB: 01896750020 <\/span><\/span><\/span><\/span><\/span><\/strong><br \/>\n<strong><span style=\"color: #1e90ff;\"><span style=\"vertical-align: inherit;\"><span style=\"vertical-align: inherit;\"><span style=\"vertical-align: inherit;\"><span style=\"vertical-align: inherit;\">Mati\u010dni broj: 3762742 <\/span><\/span><\/span><\/span><\/span><\/strong><br \/>\n<strong><span style=\"color: #1e90ff;\"><span style=\"vertical-align: inherit;\"><span style=\"vertical-align: inherit;\"><span style=\"vertical-align: inherit;\"><span style=\"vertical-align: inherit;\">IBAN: HR3923900011100015641<\/span><\/span><\/span><\/span><\/span><\/strong><\/td>\n<\/tr>\n<tr>\n<td width=\"304\"><span style=\"color: #1e90ff;\"><strong><span style=\"vertical-align: inherit;\"><span style=\"vertical-align: inherit;\"><span style=\"vertical-align: inherit;\"><span style=\"vertical-align: inherit;\">U\u010cENI\u010cKA REFERADA<\/span><\/span><\/span><\/span><\/strong><\/span><br \/>\n<span style=\"vertical-align: inherit;\"><span style=\"vertical-align: inherit;\"><span style=\"vertical-align: inherit;\"><span style=\"vertical-align: inherit;\"> soba 311 \/ III.kat<\/span><\/span><\/span><\/span><br \/>\n<span style=\"vertical-align: inherit;\"><span style=\"vertical-align: inherit;\"><span style=\"vertical-align: inherit;\"><span style=\"vertical-align: inherit;\"><strong>Irena Lanovi\u0107<\/strong> (zamjena <strong>Katarina Kova\u010devi\u0107<\/strong>)<\/span><\/span><\/span><\/span><br \/>\n<span style=\"vertical-align: inherit;\"><span style=\"vertical-align: inherit;\"><span style=\"vertical-align: inherit;\"><span style=\"vertical-align: inherit;\">tel: 01\/ 55 09 290<\/span><\/span><\/span><\/span><br \/>\n<span style=\"vertical-align: inherit;\"><span style=\"vertical-align: inherit;\"><span style=\"vertical-align: inherit;\"><span style=\"vertical-align: inherit;\">email: referada@deseta-gimnazija.hr<\/span><\/span><\/span><\/span><br \/>\n<span style=\"vertical-align: inherit;\"><span style=\"vertical-align: inherit;\"><span style=\"vertical-align: inherit;\"><span style=\"vertical-align: inherit;\">Radno vrijeme: 8-16h<\/span><\/span><\/span><\/span><\/td>\n<td width=\"303\"><strong><span style=\"color: #1e90ff;\"><span style=\"vertical-align: inherit;\"><span style=\"vertical-align: inherit;\"><span style=\"vertical-align: inherit;\"><span style=\"vertical-align: inherit;\">TAJNI\u0160TVO<\/span><\/span><\/span><\/span><\/span><\/strong><br \/>\n<span style=\"vertical-align: inherit;\"><span style=\"vertical-align: inherit;\"><span style=\"vertical-align: inherit;\"><span style=\"vertical-align: inherit;\"> soba 310 \/ III. kat<\/span><\/span><\/span><\/span><br \/>\n<strong><span style=\"vertical-align: inherit;\"><span style=\"vertical-align: inherit;\"><span style=\"vertical-align: inherit;\"><span style=\"vertical-align: inherit;\">Danijela Vuki\u0107<\/span><\/span><\/span><\/span><\/strong><br \/>\n<span style=\"vertical-align: inherit;\"><span style=\"vertical-align: inherit;\"><span style=\"vertical-align: inherit;\"><span style=\"vertical-align: inherit;\">tel: 01\/ 3771 879 fax: 01\/ 3774 765<\/span><\/span><\/span><\/span><br \/>\n<span style=\"vertical-align: inherit;\"><span style=\"vertical-align: inherit;\"><span style=\"vertical-align: inherit;\"><span style=\"vertical-align: inherit;\">email: tajnistvo@deseta-gimnazija.hr<\/span><\/span><\/span><\/span><br \/>\n<span style=\"vertical-align: inherit;\"><span style=\"vertical-align: inherit;\"><span style=\"vertical-align: inherit;\"><span style=\"vertical-align: inherit;\">Radno vrijeme: 8-16h<\/span><\/span><\/span><\/span><\/td>\n<\/tr>\n<tr>\n<td width=\"304\"><span style=\"color: #1e90ff;\"><strong><span style=\"vertical-align: inherit;\">VODITELJI TURNUSA<\/span><\/strong><\/span><br \/>\n<span style=\"vertical-align: inherit;\"> soba 305 \/ III. kat<\/span><br \/>\n<strong><span style=\"vertical-align: inherit;\">Marko Zrinjan, prof.<\/span><\/strong><br \/>\n<strong><span style=\"vertical-align: inherit;\">Mia Mlinar, prof.<\/span><\/strong><\/td>\n<td width=\"303\">&nbsp;<br \/>\n<span style=\"color: #1e90ff;\"><strong><span style=\"vertical-align: inherit;\"><span style=\"vertical-align: inherit;\"><span style=\"vertical-align: inherit;\"><span style=\"vertical-align: inherit;\">ZBORNICA<\/span><\/span><\/span><\/span><\/strong><\/span><br \/>\n<span style=\"vertical-align: inherit;\"><span style=\"vertical-align: inherit;\"><span style=\"vertical-align: inherit;\"><span style=\"vertical-align: inherit;\"> soba 304 \/ III. kat<\/span><\/span><\/span><\/span><br \/>\n<span style=\"vertical-align: inherit;\"><span style=\"vertical-align: inherit;\"><span style=\"vertical-align: inherit;\"><span style=\"vertical-align: inherit;\">tel: 01\/ 37 78 426<\/span><\/span><\/span><\/span><br \/>\n<span style=\"color: #ffffff;\"><span style=\"vertical-align: inherit;\"><span style=\"vertical-align: inherit;\"><span style=\"vertical-align: inherit;\"><span style=\"vertical-align: inherit;\"> a <\/span><\/span><\/span><\/span><\/span><br \/>\n<span style=\"color: #ffffff;\"><span style=\"vertical-align: inherit;\"><span style=\"vertical-align: inherit;\"><span style=\"vertical-align: inherit;\"><span style=\"vertical-align: inherit;\">a<\/span><\/span><\/span><\/span><\/span><\/td>\n<\/tr>\n<tr>\n<td width=\"304\"><strong><span style=\"color: #1e90ff;\"><span style=\"vertical-align: inherit;\">PEDAGOG<\/span><\/span><\/strong><br \/>\n<span style=\"vertical-align: inherit;\"> soba 305 \/ III. kat<\/span><br \/>\n<strong><span style=\"vertical-align: inherit;\">Marta Basch, prof.<\/span><\/strong><br \/>\n<span style=\"vertical-align: inherit;\">email: marta.haramincic1@skole.hr<\/span><br \/>\n<strong>Ana Bojana Juratek, prof.<\/strong><br \/>\nemail:ana-bojana.juratek@skole.hr<br \/>\ntel: <span style=\"vertical-align: inherit;\">01\/ 55 09 286<\/span><\/td>\n<td width=\"303\"><strong><span style=\"color: #1e90ff;\"><span style=\"vertical-align: inherit;\">PSIHOLOG<\/span><\/span><\/strong><br \/>\n<span style=\"vertical-align: inherit;\"> soba 306 \/ III. kat<\/span><br \/>\n<strong><span style=\"vertical-align: inherit;\">Marija Roth Jelisav\u010di\u0107, prof.<\/span><\/strong><br \/>\n<span style=\"vertical-align: inherit;\">email: marija.roth@skole.hr<\/span><br \/>\n<strong>Iva Pero\u0161, prof.<\/strong><br \/>\nemail: iva.peros2@skole.hr<br \/>\n<span style=\"vertical-align: inherit;\">tel: 01\/ 55 09 284<\/span><\/td>\n<\/tr>\n<tr>\n<td width=\"304\"><strong><span style=\"color: #1e90ff;\"><span style=\"vertical-align: inherit;\"><span style=\"vertical-align: inherit;\"><span style=\"vertical-align: inherit;\"><span style=\"vertical-align: inherit;\">RA\u010cUNOVODSTVO<\/span><\/span><\/span><\/span><\/span><\/strong><br \/>\n<span style=\"vertical-align: inherit;\"><span style=\"vertical-align: inherit;\"><span style=\"vertical-align: inherit;\"><span style=\"vertical-align: inherit;\"><b>Biljana \u017dganec<\/b>, soba 309A \/ III. kat<\/span><\/span><\/span><\/span><br \/>\n<span style=\"vertical-align: inherit;\"><span style=\"vertical-align: inherit;\"><span style=\"vertical-align: inherit;\"><span style=\"vertical-align: inherit;\">tel: 01\/ 55 09 280<\/span><\/span><\/span><\/span><br \/>\n<span style=\"vertical-align: inherit;\"><span style=\"vertical-align: inherit;\"><span style=\"vertical-align: inherit;\"><span style=\"vertical-align: inherit;\"><strong>Jasna Krni\u0107<\/strong>, soba 309 \/ III. kat<\/span><\/span><\/span><\/span><br \/>\n<span style=\"vertical-align: inherit;\"><span style=\"vertical-align: inherit;\"><span style=\"vertical-align: inherit;\"><span style=\"vertical-align: inherit;\">tel: 01\/ 55 09 281<\/span><\/span><\/span><\/span><br \/>\n<span style=\"vertical-align: inherit;\"><span style=\"vertical-align: inherit;\"><span style=\"vertical-align: inherit;\"><span style=\"vertical-align: inherit;\">Radno vrijeme: 8-16h<\/span><\/span><\/span><\/span><\/td>\n<td width=\"303\"><strong><span style=\"color: #1e90ff;\"><span style=\"vertical-align: inherit;\"><span style=\"vertical-align: inherit;\"><span style=\"vertical-align: inherit;\"><span style=\"vertical-align: inherit;\">VODITELJICE PROGRAMA SA SKUPINOM PREDMETA NA STRANOM JEZIKU<\/span><\/span><\/span><\/span><\/span><\/strong><br \/>\n<strong><span style=\"vertical-align: inherit;\"><span style=\"vertical-align: inherit;\"><span style=\"vertical-align: inherit;\"><span style=\"vertical-align: inherit;\">Marija Kolar, prof.<\/span><\/span><\/span><\/span><\/strong><br \/>\n<span style=\"vertical-align: inherit;\"><span style=\"vertical-align: inherit;\"><span style=\"vertical-align: inherit;\"><span style=\"vertical-align: inherit;\">email: marija.kolar2@skole.hr<\/span><\/span><\/span><\/span><br \/>\n<strong><span style=\"vertical-align: inherit;\"><span style=\"vertical-align: inherit;\"><span style=\"vertical-align: inherit;\"><span style=\"vertical-align: inherit;\">Karolina Horvatin Dole\u017eal, prof.<\/span><\/span><\/span><\/span><\/strong><br \/>\n<span style=\"vertical-align: inherit;\"><span style=\"vertical-align: inherit;\"><span style=\"vertical-align: inherit;\"><span style=\"vertical-align: inherit;\">email: karolina.horvatin@skole.hr<\/span><\/span><\/span><\/span><\/td>\n<\/tr>\n<tr>\n<td width=\"304\"><strong><span style=\"color: #1e90ff;\"><span style=\"vertical-align: inherit;\"><span style=\"vertical-align: inherit;\"><span style=\"vertical-align: inherit;\"><span style=\"vertical-align: inherit;\">ISPITNI KOORDINATOR DR\u017dAVNE MATURE<\/span><\/span><\/span><\/span><\/span><\/strong><br \/>\n<span style=\"vertical-align: inherit;\"><span style=\"vertical-align: inherit;\"><span style=\"vertical-align: inherit;\"><span style=\"vertical-align: inherit;\"> soba 309 \/ III. kat<\/span><\/span><\/span><\/span><br \/>\n<strong><span style=\"vertical-align: inherit;\"><span style=\"vertical-align: inherit;\"><span style=\"vertical-align: inherit;\"><span style=\"vertical-align: inherit;\">Dajana Ga\u0107ina, prof.<\/span><\/span><\/span><\/span><\/strong><br \/>\n<span style=\"vertical-align: inherit;\"><span style=\"vertical-align: inherit;\"><span style=\"vertical-align: inherit;\"><span style=\"vertical-align: inherit;\">email: dajana.gacina@skole.hr<\/span><\/span><\/span><\/span><\/td>\n<td width=\"303\"><strong><span style=\"color: #1e90ff;\"><span style=\"vertical-align: inherit;\"><span style=\"vertical-align: inherit;\"><span style=\"vertical-align: inherit;\"><span style=\"vertical-align: inherit;\">KNJI\u017dNICA<\/span><\/span><\/span><\/span><\/span><\/strong><br \/>\n<span style=\"vertical-align: inherit;\"><span style=\"vertical-align: inherit;\"><span style=\"vertical-align: inherit;\"><span style=\"vertical-align: inherit;\"> soba 323 \/ III. kat<\/span><\/span><\/span><\/span><br \/>\n<strong><span style=\"vertical-align: inherit;\"><span style=\"vertical-align: inherit;\"><span style=\"vertical-align: inherit;\"><span style=\"vertical-align: inherit;\">Maja Vukovi\u0107, dipl. bibliotekar<\/span><\/span><\/span><\/span><\/strong><br \/>\n<span style=\"vertical-align: inherit;\">email: maja.vukovic4@skole.hr<\/span><br \/>\n<strong>Dijana Novak, mag. bibl.<\/strong><br \/>\n<span style=\"vertical-align: inherit;\">email: dijana.novak3@skole.hr<\/span><\/td>\n<\/tr>\n<tr>\n<td width=\"304\"><strong><span style=\"color: #1e90ff;\"><span style=\"vertical-align: inherit;\"><span style=\"vertical-align: inherit;\"><span style=\"vertical-align: inherit;\"><span style=\"vertical-align: inherit;\">KOORDINATOR WebTeama <\/span><\/span><\/span><\/span><\/span><\/strong><br \/>\n<strong><span style=\"color: #1e90ff;\"><span style=\"vertical-align: inherit;\"><span style=\"vertical-align: inherit;\"><span style=\"vertical-align: inherit;\"><span style=\"vertical-align: inherit;\">ADMINISTRATOR RESURSA<\/span><\/span><\/span><\/span><\/span><\/strong><br \/>\n<strong><span style=\"vertical-align: inherit;\"><span style=\"vertical-align: inherit;\"><span style=\"vertical-align: inherit;\"><span style=\"vertical-align: inherit;\"> Dejan Funtek<\/span><\/span><\/span><\/span><\/strong><br \/>\n<span style=\"vertical-align: inherit;\"><span style=\"vertical-align: inherit;\"><span style=\"vertical-align: inherit;\"><span style=\"vertical-align: inherit;\">email: dejan.funtek@skole.hr<\/span><\/span><\/span><\/span><\/td>\n<td width=\"303\"><strong><span style=\"color: #1e90ff;\"><span style=\"vertical-align: inherit;\"><span style=\"vertical-align: inherit;\"><span style=\"vertical-align: inherit;\"><span style=\"vertical-align: inherit;\">ADMINISTRATOR IMENIKA <\/span><\/span><\/span><\/span><\/span><\/strong><br \/>\n<strong><span style=\"color: #1e90ff;\"><span style=\"vertical-align: inherit;\"><span style=\"vertical-align: inherit;\"><span style=\"vertical-align: inherit;\"><span style=\"vertical-align: inherit;\">ADMINISTRATOR E &#8211; DNEVNIKA <\/span><\/span><\/span><\/span><\/span><\/strong><br \/>\n<strong><span style=\"color: #1e90ff;\"><span style=\"vertical-align: inherit;\"><span style=\"vertical-align: inherit;\"><span style=\"vertical-align: inherit;\"><span style=\"vertical-align: inherit;\">KOORDINATOR E &#8211; \u0160KOLE<\/span><\/span><\/span><\/span><\/span><\/strong><br \/>\n<strong><span style=\"vertical-align: inherit;\"><span style=\"vertical-align: inherit;\"><span style=\"vertical-align: inherit;\"><span style=\"vertical-align: inherit;\"> Damir Vresk, prof.<\/span><\/span><\/span><\/span><\/strong><br \/>\n<span style=\"vertical-align: inherit;\"><span style=\"vertical-align: inherit;\"><span style=\"vertical-align: inherit;\"><span style=\"vertical-align: inherit;\">email: damir.vresk@skole.hr<\/span><\/span><\/span><\/span><\/td>\n<\/tr>\n<tr>\n<td style=\"text-align: center;\" colspan=\"2\" width=\"607\"><strong><span style=\"color: #1e90ff;\"><span style=\"vertical-align: inherit;\"><span style=\"vertical-align: inherit;\"><span style=\"vertical-align: inherit;\"><span style=\"vertical-align: inherit;\">RAVNATELJICA<\/span><\/span><\/span><\/span><\/span><\/strong><br \/>\n<span style=\"vertical-align: inherit;\"><span style=\"vertical-align: inherit;\"><span style=\"vertical-align: inherit;\"><span style=\"vertical-align: inherit;\"> soba 307 \/ III. kat<\/span><\/span><\/span><\/span><br \/>\n<span style=\"vertical-align: inherit;\"><span style=\"vertical-align: inherit;\"><span style=\"vertical-align: inherit;\"><span style=\"vertical-align: inherit;\">\u017deljka Frkovi\u0107, prof.<\/span><\/span><\/span><\/span><br \/>\n<span style=\"vertical-align: inherit;\"><span style=\"vertical-align: inherit;\"><span style=\"vertical-align: inherit;\"><span style=\"vertical-align: inherit;\">email: zeljka.frkovic@skole.hr<\/span><\/span><\/span><\/span><\/td>\n<\/tr>\n<\/tbody>\n<\/table>\n","protected":false},"excerpt":{"rendered":"<p>Adresa: Vjekoslava Klai\u0107a 7, 10000 Zagreb email: deseta@deseta-gimnazija.hr \u0160ifra \u0161kole: 21-114-510 OIB: 01896750020 Mati\u010dni broj: 3762742 IBAN: HR3923900011100015641 U\u010cENI\u010cKA REFERADA soba 311 \/ III.kat Irena Lanovi\u0107 (zamjena Katarina Kova\u010devi\u0107) tel: 01\/ 55 09 290 email: referada@deseta-gimnazija.hr Radno vrijeme: 8-16h TAJNI\u0160TVO soba 310 \/ III. kat Danijela Vuki\u0107 tel: 01\/ 3771 879 fax: 01\/ 3774 765 [&hellip;]<\/p>\n","protected":false},"author":2,"featured_media":0,"parent":0,"menu_order":0,"comment_status":"closed","ping_status":"closed","template":"","meta":{"ngg_post_thumbnail":0,"footnotes":""},"_links":{"self":[{"href":"https:\/\/deseta-gimnazija.hr\/index.php?rest_route=\/wp\/v2\/pages\/30"}],"collection":[{"href":"https:\/\/deseta-gimnazija.hr\/index.php?rest_route=\/wp\/v2\/pages"}],"about":[{"href":"https:\/\/deseta-gimnazija.hr\/index.php?rest_route=\/wp\/v2\/types\/page"}],"author":[{"embeddable":true,"href":"https:\/\/deseta-gimnazija.hr\/index.php?rest_route=\/wp\/v2\/users\/2"}],"replies":[{"embeddable":true,"href":"https:\/\/deseta-gimnazija.hr\/index.php?rest_route=%2Fwp%2Fv2%2Fcomments&post=30"}],"version-history":[{"count":35,"href":"https:\/\/deseta-gimnazija.hr\/index.php?rest_route=\/wp\/v2\/pages\/30\/revisions"}],"predecessor-version":[{"id":15135,"href":"https:\/\/deseta-gimnazija.hr\/index.php?rest_route=\/wp\/v2\/pages\/30\/revisions\/15135"}],"wp:attachment":[{"href":"https:\/\/deseta-gimnazija.hr\/index.php?rest_route=%2Fwp%2Fv2%2Fmedia&parent=30"}],"curies":[{"name":"wp","href":"https:\/\/api.w.org\/{rel}","templated":true}]}}